nder when 606030 is divided by 1150?
1130
Calculate the remainder when 116400968 is divided by 59.
45
Calculate the remainder when 17687101 is divided by 2675.
1
What is the remainder when 23864527 is divided by 10?
7
Calculate the remainder when 3347177 is divided by 1990.
1987
Calculate the remainder when 487820 is divided by 48779.
30
What is the remainder when 665456 is divided by 254?
230
What is the remainder when 380779 is divided by 219?
157
Calculate the remainder when 722575 is divided by 18527.
22
Calculate the remainder when 82643887 is divided by 98.
95
Calculate the remainder when 525941 is divided by 131126.
1437
Calculate the remainder when 1428891 is divided by 504.
51
Calculate the remainder when 9031830 is divided by 4515905.
20
Calculate the remainder when 2236092 is divided by 447176.
212
What is the remainder when 176585169 is divided by 117?
111
Calculate the remainder when 603904 is divided by 40239.
319
What is the remainder when 127583 is divided by 8912?
2815
What is the remainder when 6075206 is divided by 43?
37
What is the remainder when 21334946 is divided by 2605?
2601
What is the remainder when 59758 is divided by 6492?
1330
What is the remainder when 1041351 is divided by 2058?
3
Calculate the remainder when 205113139 is divided by 2330831.
11
What is the remainder when 80185 is divided by 261?
58
Calculate the remainder when 220605 is divided by 755.
145
What is the remainder when 7300 is divided by 6754?
546
Calculate the remainder when 8006618 is divided by 39.
35
Calculate the remainder when 2047545 is divided by 338.
279
What is the remainder when 37264 is divided by 555?
79
What is the remainder when 19483 is divided by 6318?
529
What is the remainder when 1945229 is divided by 17063?
47
Calculate the remainder when 7045877 is divided by 6.
5
What is the remainder when 97226 is divided by 11563?
4722
Calculate the remainder when 3960398 is divided by 51433.
57
What is the remainder when 843653 is divided by 50?
3
Calculate the remainder when 31781 is divided by 3972.
5
Calculate the remainder when 495441 is divided by 164716.
1293
Calculate the remainder when 13811229 is divided by 21.
12
What is the remainder when 8211414 is divided by 342?
336
What is the remainder when 1123693 is divided by 300?
193
Calculate the remainder when 956393 is divided by 111.
17
What is the remainder when 484071 is divided by 40336?
39
What is the remainder when 245523 is divided by 1799?
859
Calculate the remainder when 11421563 is divided by 22.
21
Calculate the remainder when 3708744 is divided by 1236246.
6
Calculate the remainder when 154501 is divided by 201.
133
What is the remainder when 680475 is divided by 226789?
108
Calculate the remainder when 70471 is divided by 1497.
112
What is the remainder when 59323 is divided by 4082?
2175
What is the remainder when 365848 is divided by 41?
5
Calculate the remainder when 363663 is divided by 1864.
183
What is the remainder when 249580 is divided by 4025?
30
Calculate the remainder when 979637 is divided by 326488.
173
What is the remainder when 2083706 is divided by 57?
14
What is the remainder when 19268001 is divided by 1549?
1539
What is the remainder when 4365240 is divided by 2020?
20
What is the remainder when 72857234 is divided by 36428611?
12
What is the remainder when 4596440 is divided by 1123?
1
Calculate the remainder when 7982939 is divided by 35.
34
Calculate the remainder when 1122167 is divided by 4298.
389
Calculate the remainder when 421964 is divided by 6906.
698
Calculate the remainder when 29817 is divided by 2179.
1490
Calculate the remainder when 14609828 is divided by 4231.
185
Calculate the remainder when 14531573 is divided by 767.
758
What is the remainder when 306619232 is divided by 4158?
4154
What is the remainder when 4548907 is divided by 150?
7
Calculate the remainder when 2712776 is divided by 654.
638
What is the remainder when 1939058 is divided by 64?
50
What is the remainder when 5646926 is divided by 41?
37
Calculate the remainder when 125526 is divided by 62759.
8
Calculate the remainder when 20497668 is divided by 56.
44
Calculate the remainder when 6680364 is divided by 1670069.
88
Calculate the remainder when 248206 is divided by 49284.
1786
What is the remainder when 753746 is divided by 5667?
35
What is the remainder when 27270386 is divided by 413?
409
What is the remainder when 21645932 is divided by 1803827?
8
What is the remainder when 39277926 is divided by 92?
90
What is the remainder when 1071270 is divided by 5886?
18
Calculate the remainder when 198014 is divided by 103.
48
Calculate the remainder when 8899870 is divided by 11323.
11315
Calculate the remainder when 2655965 is divided by 1210.
15
What is the remainder when 7914 is divided by 740?
514
Calculate the remainder when 14039687 is divided by 19.
17
What is the remainder when 109956 is divided by 1041?
651
Calculate the remainder when 5950914 is divided by 116.
114
What is the remainder when 4495135 is divided by 111?
79
Calculate the remainder when 82086 is divided by 473.
257
Calculate the remainder when 13184 is divided by 3157.
556
What is the remainder when 636890 is divided by 271?
40
What is the remainder when 2427527 is divided by 885?
857
What is the remainder when 94851517 is divided by 678?
673
Calculate the remainder when 667830 is divided by 74103.
903
What is the remainder when 72764188 is divided by 18?
16
Calculate the remainder when 375400 is divided by 596.
516
What is the remainder when 3455831 is divided by 191990?
11
What is the remainder when 1257653 is divided by 5425?
4478
What is the remainder when 33905 is divided by 31371?
2534
Calculate the remainder when 8119185 is divided by 707.
704
What is the remainder when 727760 is divided by 25991?
12
What is the remainder when 8339856 is divided by 29?
7
Calculate the remainder when 220330 is divided by 323.
44
What is the remainder when 834673 is divided by 118?
59
What is the remainder when 136577 is divided by 2038?
31
What is the remainder when 1037342 is divided by 191?
21
Calculate the remainder when 25406245 is divided by 43.
39
Calculate the remainder when 65821 is divided by 610.
551
What is the remainder when 644060 is divided by 6635?
465
What is the remainder when 5568794 is divided by 26267?
190
Calculate the remainder when 1262243 is divided by 3496.
187
What is the remainder when 60045 is divided by 8452?
881
What is the remainder when 28237797 is divided by 1900?
1897
Calculate the remainder when 8776 is divided by 282.
34
What is the remainder when 156304 is divided by 98?
92
What is the remainder when 96389 is divided by 831?
824
Calculate the remainder when 48945835 is divided by 24.
19
What is the remainder when 3305651 is divided by 4056?
11
Calculate the remainder when 616082 is divided by 1297.
7
What is the remainder when 2162245 is divided by 355?
295
Calculate the remainder when 125050 is divided by 30324.
3754
Calculate the remainder when 152243 is divided by 319.
80
Calculate the remainder when 31594 is divided by 14516.
2562
What is the remainder when 5491831 is divided by 2604?
2599
What is the remainder when 161965 is divided by 16196?
5
Calculate the remainder when 106324 is divided by 11756.
520
Calculate the remainder when 39799737 is divided by 19899859.
19
What is the remainder when 788560 is divided by 3399?
3391
Calculate the remainder when 2095937 is divided by 308.
305
What is the remainder when 1515943 is divided by 54138?
79
Calculate the remainder when 21478168 is divided by 798.
796
Calculate the remainder when 695836 is divided by 43480.
156
Calculate the remainder when 7612383 is divided by 22998.
45
Calculate the remainder when 13581864 is divided by 565911.
0
Calculate the remainder when 24985971 is divided by 2015.
1986
What is the remainder when 3464928 is divided by 2885?
43
What is the remainder when 1255107 is divided by 2031?
1980
What is the remainder when 9300837 is divided by 68895?
12
Calculate the remainder when 3065476 is divided by 1939.
1856
What is the remainder when 1944589 is divided by 57?
34
Calculate the remainder when 310365501 is divided by 1490.
1481
What is the remainder when 58858 is divided by 9238?
3430
What is